{"id":59,"date":"2017-02-07T21:59:30","date_gmt":"2017-02-07T20:59:30","guid":{"rendered":"http:\/\/dejavu-naarden.nl\/dejavu-naarden.nl\/?page_id=59"},"modified":"2022-04-22T22:28:34","modified_gmt":"2022-04-22T20:28:34","slug":"over-ons","status":"publish","type":"page","link":"https:\/\/dejavu-naarden.nl\/index.php\/over-ons\/","title":{"rendered":"Over ons"},"content":{"rendered":"<blockquote>\n<h3 style=\"text-align: left;\"><em>D\u00e9j\u00e0 Vu, het gevoel hebben dat je iets al eens eerder hebt meegemaakt<\/em><\/h3>\n<\/blockquote>\n<p>In het Andreashuis in Naarden Vesting begint in januari 1988 een koor zonder naam, bestaande uit \u00b1 24 oud- Gideons Bende leden (een jeugdkoor uit Naarden), met de eerste repetitie. Het repertoire bestaat uit Gideons Bende liederen, die al snel aangevuld worden met andere nummers. Zo wordt een begin gemaakt met een eigen map met liedjes die het koor graag wil zingen.<\/p>\n<p>Toen het koor nog niet zo heel lang bestond heeft het toenmalige bestuur een soort prijsvraag uitgeschreven om een goede naam voor het koor te bedenken. Een van de leden kwam met de naam D\u00e9j\u00e0 Vu. Een prachtige naam voor&nbsp;ons koor!<\/p>\n<p>We zingen (meerstemmig) muziek uit de jaren 60 tot en met Top 40 nummers met een enkel uitstapje in het Frans, Italiaans en Latijn. Af en toe gaan we een weekend weg om in binnen- of buitenland te zingen.<\/p>\n","protected":false},"excerpt":{"rendered":"<p>D\u00e9j\u00e0 Vu, het gevoel hebben dat je iets al eens eerder hebt meegemaakt In het Andreashuis in Naarden Vesting begint in januari 1988 een koor zonder naam, bestaande uit \u00b1 24 oud- Gideons Bende leden (een jeugdkoor uit Naarden), met<\/p>\n","protected":false},"author":1,"featured_media":0,"parent":0,"menu_order":0,"comment_status":"closed","ping_status":"closed","template":"","meta":{"footnotes":""},"class_list":["post-59","page","type-page","status-publish","hentry"],"yoast_head":"<!-- This site is optimized with the Yoast SEO plugin v27.4 - https:\/\/yoast.com\/product\/yoast-seo-wordpress\/ -->\n<title>Over ons - D\u00e9j\u00e0 Vu Naarden<\/title>\n<meta name=\"robots\" content=\"index, follow, max-snippet:-1, max-image-preview:large, max-video-preview:-1\" \/>\n<link rel=\"canonical\" href=\"https:\/\/dejavu-naarden.nl\/index.php\/over-ons\/\" \/>\n<meta property=\"og:locale\" content=\"nl_NL\" \/>\n<meta property=\"og:type\" content=\"article\" \/>\n<meta property=\"og:title\" content=\"Over ons - D\u00e9j\u00e0 Vu Naarden\" \/>\n<meta property=\"og:description\" content=\"D\u00e9j\u00e0 Vu, het gevoel hebben dat je iets al eens eerder hebt meegemaakt In het Andreashuis in Naarden Vesting begint in januari 1988 een koor zonder naam, bestaande uit \u00b1 24 oud- Gideons Bende leden (een jeugdkoor uit Naarden), met\" \/>\n<meta property=\"og:url\" content=\"https:\/\/dejavu-naarden.nl\/index.php\/over-ons\/\" \/>\n<meta property=\"og:site_name\" content=\"D\u00e9j\u00e0 Vu Naarden\" \/>\n<meta property=\"article:modified_time\" content=\"2022-04-22T20:28:34+00:00\" \/>\n<meta name=\"twitter:card\" content=\"summary_large_image\" \/>\n<meta name=\"twitter:label1\" content=\"Geschatte leestijd\" \/>\n\t<meta name=\"twitter:data1\" content=\"1 minuut\" \/>\n<script type=\"application\/ld+json\" class=\"yoast-schema-graph\">{\"@context\":\"https:\\\/\\\/schema.org\",\"@graph\":[{\"@type\":\"WebPage\",\"@id\":\"https:\\\/\\\/dejavu-naarden.nl\\\/index.php\\\/over-ons\\\/\",\"url\":\"https:\\\/\\\/dejavu-naarden.nl\\\/index.php\\\/over-ons\\\/\",\"name\":\"Over ons - D\u00e9j\u00e0 Vu Naarden\",\"isPartOf\":{\"@id\":\"https:\\\/\\\/dejavu-naarden.nl\\\/#website\"},\"datePublished\":\"2017-02-07T20:59:30+00:00\",\"dateModified\":\"2022-04-22T20:28:34+00:00\",\"breadcrumb\":{\"@id\":\"https:\\\/\\\/dejavu-naarden.nl\\\/index.php\\\/over-ons\\\/#breadcrumb\"},\"inLanguage\":\"nl-NL\",\"potentialAction\":[{\"@type\":\"ReadAction\",\"target\":[\"https:\\\/\\\/dejavu-naarden.nl\\\/index.php\\\/over-ons\\\/\"]}]},{\"@type\":\"BreadcrumbList\",\"@id\":\"https:\\\/\\\/dejavu-naarden.nl\\\/index.php\\\/over-ons\\\/#breadcrumb\",\"itemListElement\":[{\"@type\":\"ListItem\",\"position\":1,\"name\":\"Home\",\"item\":\"https:\\\/\\\/dejavu-naarden.nl\\\/\"},{\"@type\":\"ListItem\",\"position\":2,\"name\":\"Over ons\"}]},{\"@type\":\"WebSite\",\"@id\":\"https:\\\/\\\/dejavu-naarden.nl\\\/#website\",\"url\":\"https:\\\/\\\/dejavu-naarden.nl\\\/\",\"name\":\"D\u00e9j\u00e0 Vu Naarden\",\"description\":\"dat zingt lekker!\",\"publisher\":{\"@id\":\"https:\\\/\\\/dejavu-naarden.nl\\\/#organization\"},\"potentialAction\":[{\"@type\":\"SearchAction\",\"target\":{\"@type\":\"EntryPoint\",\"urlTemplate\":\"https:\\\/\\\/dejavu-naarden.nl\\\/?s={search_term_string}\"},\"query-input\":{\"@type\":\"PropertyValueSpecification\",\"valueRequired\":true,\"valueName\":\"search_term_string\"}}],\"inLanguage\":\"nl-NL\"},{\"@type\":\"Organization\",\"@id\":\"https:\\\/\\\/dejavu-naarden.nl\\\/#organization\",\"name\":\"D\u00e9j\u00e0 Vu Naarden\",\"url\":\"https:\\\/\\\/dejavu-naarden.nl\\\/\",\"logo\":{\"@type\":\"ImageObject\",\"inLanguage\":\"nl-NL\",\"@id\":\"https:\\\/\\\/dejavu-naarden.nl\\\/#\\\/schema\\\/logo\\\/image\\\/\",\"url\":\"https:\\\/\\\/dejavu-naarden.nl\\\/wp-content\\\/uploads\\\/2025\\\/09\\\/DejaVuSleutelLogo256.jpg\",\"contentUrl\":\"https:\\\/\\\/dejavu-naarden.nl\\\/wp-content\\\/uploads\\\/2025\\\/09\\\/DejaVuSleutelLogo256.jpg\",\"width\":256,\"height\":73,\"caption\":\"D\u00e9j\u00e0 Vu Naarden\"},\"image\":{\"@id\":\"https:\\\/\\\/dejavu-naarden.nl\\\/#\\\/schema\\\/logo\\\/image\\\/\"}}]}<\/script>\n<!-- \/ Yoast SEO plugin. -->","yoast_head_json":{"title":"Over ons - D\u00e9j\u00e0 Vu Naarden","robots":{"index":"index","follow":"follow","max-snippet":"max-snippet:-1","max-image-preview":"max-image-preview:large","max-video-preview":"max-video-preview:-1"},"canonical":"https:\/\/dejavu-naarden.nl\/index.php\/over-ons\/","og_locale":"nl_NL","og_type":"article","og_title":"Over ons - D\u00e9j\u00e0 Vu Naarden","og_description":"D\u00e9j\u00e0 Vu, het gevoel hebben dat je iets al eens eerder hebt meegemaakt In het Andreashuis in Naarden Vesting begint in januari 1988 een koor zonder naam, bestaande uit \u00b1 24 oud- Gideons Bende leden (een jeugdkoor uit Naarden), met","og_url":"https:\/\/dejavu-naarden.nl\/index.php\/over-ons\/","og_site_name":"D\u00e9j\u00e0 Vu Naarden","article_modified_time":"2022-04-22T20:28:34+00:00","twitter_card":"summary_large_image","twitter_misc":{"Geschatte leestijd":"1 minuut"},"schema":{"@context":"https:\/\/schema.org","@graph":[{"@type":"WebPage","@id":"https:\/\/dejavu-naarden.nl\/index.php\/over-ons\/","url":"https:\/\/dejavu-naarden.nl\/index.php\/over-ons\/","name":"Over ons - D\u00e9j\u00e0 Vu Naarden","isPartOf":{"@id":"https:\/\/dejavu-naarden.nl\/#website"},"datePublished":"2017-02-07T20:59:30+00:00","dateModified":"2022-04-22T20:28:34+00:00","breadcrumb":{"@id":"https:\/\/dejavu-naarden.nl\/index.php\/over-ons\/#breadcrumb"},"inLanguage":"nl-NL","potentialAction":[{"@type":"ReadAction","target":["https:\/\/dejavu-naarden.nl\/index.php\/over-ons\/"]}]},{"@type":"BreadcrumbList","@id":"https:\/\/dejavu-naarden.nl\/index.php\/over-ons\/#breadcrumb","itemListElement":[{"@type":"ListItem","position":1,"name":"Home","item":"https:\/\/dejavu-naarden.nl\/"},{"@type":"ListItem","position":2,"name":"Over ons"}]},{"@type":"WebSite","@id":"https:\/\/dejavu-naarden.nl\/#website","url":"https:\/\/dejavu-naarden.nl\/","name":"D\u00e9j\u00e0 Vu Naarden","description":"dat zingt lekker!","publisher":{"@id":"https:\/\/dejavu-naarden.nl\/#organization"},"potentialAction":[{"@type":"SearchAction","target":{"@type":"EntryPoint","urlTemplate":"https:\/\/dejavu-naarden.nl\/?s={search_term_string}"},"query-input":{"@type":"PropertyValueSpecification","valueRequired":true,"valueName":"search_term_string"}}],"inLanguage":"nl-NL"},{"@type":"Organization","@id":"https:\/\/dejavu-naarden.nl\/#organization","name":"D\u00e9j\u00e0 Vu Naarden","url":"https:\/\/dejavu-naarden.nl\/","logo":{"@type":"ImageObject","inLanguage":"nl-NL","@id":"https:\/\/dejavu-naarden.nl\/#\/schema\/logo\/image\/","url":"https:\/\/dejavu-naarden.nl\/wp-content\/uploads\/2025\/09\/DejaVuSleutelLogo256.jpg","contentUrl":"https:\/\/dejavu-naarden.nl\/wp-content\/uploads\/2025\/09\/DejaVuSleutelLogo256.jpg","width":256,"height":73,"caption":"D\u00e9j\u00e0 Vu Naarden"},"image":{"@id":"https:\/\/dejavu-naarden.nl\/#\/schema\/logo\/image\/"}}]}},"_links":{"self":[{"href":"https:\/\/dejavu-naarden.nl\/index.php\/wp-json\/wp\/v2\/pages\/59","targetHints":{"allow":["GET"]}}],"collection":[{"href":"https:\/\/dejavu-naarden.nl\/index.php\/wp-json\/wp\/v2\/pages"}],"about":[{"href":"https:\/\/dejavu-naarden.nl\/index.php\/wp-json\/wp\/v2\/types\/page"}],"author":[{"embeddable":true,"href":"https:\/\/dejavu-naarden.nl\/index.php\/wp-json\/wp\/v2\/users\/1"}],"replies":[{"embeddable":true,"href":"https:\/\/dejavu-naarden.nl\/index.php\/wp-json\/wp\/v2\/comments?post=59"}],"version-history":[{"count":7,"href":"https:\/\/dejavu-naarden.nl\/index.php\/wp-json\/wp\/v2\/pages\/59\/revisions"}],"predecessor-version":[{"id":843,"href":"https:\/\/dejavu-naarden.nl\/index.php\/wp-json\/wp\/v2\/pages\/59\/revisions\/843"}],"wp:attachment":[{"href":"https:\/\/dejavu-naarden.nl\/index.php\/wp-json\/wp\/v2\/media?parent=59"}],"curies":[{"name":"wp","href":"https:\/\/api.w.org\/{rel}","templated":true}]}}

<blockquote>
<h3 style="text-align: left;"><em>Déjà Vu, het gevoel hebben dat je iets al eens eerder hebt meegemaakt</em></h3>
</blockquote>
<p>In het Andreashuis in Naarden Vesting begint in januari 1988 een koor zonder naam, bestaande uit ± 24 oud- Gideons Bende leden (een jeugdkoor uit Naarden), met de eerste repetitie. Het repertoire bestaat uit Gideons Bende liederen, die al snel aangevuld worden met andere nummers. Zo wordt een begin gemaakt met een eigen map met liedjes die het koor graag wil zingen.</p>
<p>Toen het koor nog niet zo heel lang bestond heeft het toenmalige bestuur een soort prijsvraag uitgeschreven om een goede naam voor het koor te bedenken. Een van de leden kwam met de naam Déjà Vu. Een prachtige naam voor&nbsp;ons koor!</p>
<p>We zingen (meerstemmig) muziek uit de jaren 60 tot en met Top 40 nummers met een enkel uitstapje in het Frans, Italiaans en Latijn. Af en toe gaan we een weekend weg om in binnen- of buitenland te zingen.</p>

<p>Déjà Vu, het gevoel hebben dat je iets al eens eerder hebt meegemaakt In het Andreashuis in Naarden Vesting begint in januari 1988 een koor zonder naam, bestaande uit ± 24 oud- Gideons Bende leden (een jeugdkoor uit Naarden), met</p>

<!-- This site is optimized with the Yoast SEO plugin v27.4 - https://yoast.com/product/yoast-seo-wordpress/ -->
<title>Over ons - Déjà Vu Naarden</title>
<meta name="robots" content="index, follow, max-snippet:-1, max-image-preview:large, max-video-preview:-1" />
<link rel="canonical" href="https://dejavu-naarden.nl/index.php/over-ons/" />
<meta property="og:locale" content="nl_NL" />
<meta property="og:type" content="article" />
<meta property="og:title" content="Over ons - Déjà Vu Naarden" />
<meta property="og:description" content="Déjà Vu, het gevoel hebben dat je iets al eens eerder hebt meegemaakt In het Andreashuis in Naarden Vesting begint in januari 1988 een koor zonder naam, bestaande uit ± 24 oud- Gideons Bende leden (een jeugdkoor uit Naarden), met" />
<meta property="og:url" content="https://dejavu-naarden.nl/index.php/over-ons/" />
<meta property="og:site_name" content="Déjà Vu Naarden" />
<meta property="article:modified_time" content="2022-04-22T20:28:34+00:00" />
<meta name="twitter:card" content="summary_large_image" />
<meta name="twitter:label1" content="Geschatte leestijd" />
	<meta name="twitter:data1" content="1 minuut" />
<script type="application/ld+json" class="yoast-schema-graph">{"@context":"https:\/\/schema.org","@graph":[{"@type":"WebPage","@id":"https:\/\/dejavu-naarden.nl\/index.php\/over-ons\/","url":"https:\/\/dejavu-naarden.nl\/index.php\/over-ons\/","name":"Over ons - Déjà Vu Naarden","isPartOf":{"@id":"https:\/\/dejavu-naarden.nl\/#website"},"datePublished":"2017-02-07T20:59:30+00:00","dateModified":"2022-04-22T20:28:34+00:00","breadcrumb":{"@id":"https:\/\/dejavu-naarden.nl\/index.php\/over-ons\/#breadcrumb"},"inLanguage":"nl-NL","potentialAction":[{"@type":"ReadAction","target":["https:\/\/dejavu-naarden.nl\/index.php\/over-ons\/"]}]},{"@type":"BreadcrumbList","@id":"https:\/\/dejavu-naarden.nl\/index.php\/over-ons\/#breadcrumb","itemListElement":[{"@type":"ListItem","position":1,"name":"Home","item":"https:\/\/dejavu-naarden.nl\/"},{"@type":"ListItem","position":2,"name":"Over ons"}]},{"@type":"WebSite","@id":"https:\/\/dejavu-naarden.nl\/#website","url":"https:\/\/dejavu-naarden.nl\/","name":"Déjà Vu Naarden","description":"dat zingt lekker!","publisher":{"@id":"https:\/\/dejavu-naarden.nl\/#organization"},"potentialAction":[{"@type":"SearchAction","target":{"@type":"EntryPoint","urlTemplate":"https:\/\/dejavu-naarden.nl\/?s={search_term_string}"},"query-input":{"@type":"PropertyValueSpecification","valueRequired":true,"valueName":"search_term_string"}}],"inLanguage":"nl-NL"},{"@type":"Organization","@id":"https:\/\/dejavu-naarden.nl\/#organization","name":"Déjà Vu Naarden","url":"https:\/\/dejavu-naarden.nl\/","logo":{"@type":"ImageObject","inLanguage":"nl-NL","@id":"https:\/\/dejavu-naarden.nl\/#\/schema\/logo\/image\/","url":"https:\/\/dejavu-naarden.nl\/wp-content\/uploads\/2025\/09\/DejaVuSleutelLogo256.jpg","contentUrl":"https:\/\/dejavu-naarden.nl\/wp-content\/uploads\/2025\/09\/DejaVuSleutelLogo256.jpg","width":256,"height":73,"caption":"Déjà Vu Naarden"},"image":{"@id":"https:\/\/dejavu-naarden.nl\/#\/schema\/logo\/image\/"}}]}</script>
<!-- / Yoast SEO plugin. -->

Over ons - Déjà Vu Naarden

Déjà Vu, het gevoel hebben dat je iets al eens eerder hebt meegemaakt In het Andreashuis in Naarden Vesting begint in januari 1988 een koor zonder naam, bestaande uit ± 24 oud- Gideons Bende leden (een jeugdkoor uit Naarden), met

Déjà Vu Naarden
