{"id":116,"date":"2017-02-07T23:05:34","date_gmt":"2017-02-07T22:05:34","guid":{"rendered":"http:\/\/dejavu-naarden.nl\/dejavu-naarden.nl\/?page_id=116"},"modified":"2026-02-24T13:34:17","modified_gmt":"2026-02-24T12:34:17","slug":"home","status":"publish","type":"page","link":"https:\/\/dejavu-naarden.nl\/","title":{"rendered":"Home"},"content":{"rendered":"<h2 id=\"block-65572cb5-27f5-411d-8fc7-32e95837545b\" class=\"block-editor-rich-text__editable block-editor-block-list__block wp-block is-selected wp-block-heading rich-text\" tabindex=\"0\" role=\"document\" contenteditable=\"true\" aria-multiline=\"true\" aria-label=\"Blok: Koptekst\" data-block=\"65572cb5-27f5-411d-8fc7-32e95837545b\" data-type=\"core\/heading\" data-title=\"Koptekst\">Kom eens langs bij D\u00e9j\u00e0 Vu, misschien wel het gezelligste koor van Naarden en omstreken!<\/h2>\n\n\n<div class=\"wp-block-media-text is-stacked-on-mobile\" style=\"grid-template-columns:59% auto\"><figure class=\"wp-block-media-text__media\"><img loading=\"lazy\" decoding=\"async\" width=\"739\" height=\"1024\" src=\"https:\/\/dejavu-naarden.nl\/wp-content\/uploads\/2018\/03\/Poster-De-Nacht-van-Naarden-2018-739x1024.jpg\" alt=\"\" class=\"wp-image-551 size-full\" srcset=\"https:\/\/dejavu-naarden.nl\/wp-content\/uploads\/2018\/03\/Poster-De-Nacht-van-Naarden-2018-739x1024.jpg 739w, https:\/\/dejavu-naarden.nl\/wp-content\/uploads\/2018\/03\/Poster-De-Nacht-van-Naarden-2018-216x300.jpg 216w, https:\/\/dejavu-naarden.nl\/wp-content\/uploads\/2018\/03\/Poster-De-Nacht-van-Naarden-2018-768x1065.jpg 768w, https:\/\/dejavu-naarden.nl\/wp-content\/uploads\/2018\/03\/Poster-De-Nacht-van-Naarden-2018.jpg 846w\" sizes=\"auto, (max-width: 739px) 100vw, 739px\" \/><\/figure><div class=\"wp-block-media-text__content\">\n<p>D\u00e9j\u00e0 Vu bestaat bijna 40 jaar. We zingen met ongeveer 50 enthousiaste leden een voornamelijk Engelstalig repertoire. We worden begeleid door ons eigen&nbsp;combo bestaande uit piano, gitaar, basgitaar en&nbsp;slagwerk. Het geheel staat onder leiding van dirigent Marc Bogaers.<\/p>\n\n\n\n<p class=\"has-text-align-left\">Ben je stemvast, heb je eerder al eens gezongen en hou je van een divers repertoire om in meerstemmig koorverband te zingen, dan ben je van harte welkom op een repetitie.&nbsp;<\/p>\n\n\n\n<p>Neem <a href=\"mailto:info@dejavu-naarden.nl\" target=\"_blank\" rel=\"noreferrer noopener\">contact<\/a> met ons op, geef je stemsoort (sopraan, alt, bas of tenor) aan ons door en vertel wanneer je langs wilt komen. We ontvangen je dan graag en zorgen ervoor dat er een meezingmap voor je klaar ligt.<\/p>\n<\/div><\/div>\n\n\n\n<div class=\"wp-block-columns is-layout-flex wp-container-core-columns-is-layout-0689879a wp-block-columns-is-layout-flex\" style=\"padding-top:var(--wp--preset--spacing--60);padding-right:var(--wp--preset--spacing--70);padding-bottom:var(--wp--preset--spacing--60);padding-left:var(--wp--preset--spacing--70)\">\n<div class=\"wp-block-column is-layout-flow wp-block-column-is-layout-flow\" style=\"flex-basis:50%\"><\/div>\n\n\n\n<div class=\"wp-block-column is-layout-constrained wp-block-column-is-layout-constrained\" style=\"flex-basis:50%\">\n<p><\/p>\n\n\n\n<p><\/p>\n<\/div>\n<\/div>\n\n\n\n<h2 class=\"wp-block-heading has-black-color has-text-color has-link-color has-x-large-font-size wp-elements-c3791eb4b2e55578f16cfa402c63dea8\">Wij zoeken een dirigent(e)<\/h2>\n\n\n\n<div class=\"wp-block-media-text alignwide has-media-on-the-right is-stacked-on-mobile is-vertically-aligned-top\" style=\"margin-right:0;margin-left:0;padding-top:var(--wp--preset--spacing--40);padding-right:var(--wp--preset--spacing--70);padding-bottom:var(--wp--preset--spacing--40);padding-left:var(--wp--preset--spacing--70);grid-template-columns:auto 25%\"><div class=\"wp-block-media-text__content\">\n<p>Gemiddeld geven we 1x per jaar een concert en daarnaast zingen we graag met andere koren tijdens korendagen of culturele bijeenkomsten. D\u0117j\u00e0 Vu kenmerkt zich door de betrokkenheid bij het repertoire maar ook bij elkaar als leden. We delen lief, maar ook leed en staan voor elkaar als het nodig is.<\/p>\n\n\n\n<p class=\"has-vivid-red-color has-text-color has-link-color has-medium-font-size wp-elements-86a908dc729d654cc65bf0b15bd46433\">We zoeken een dirigent(e) die:<\/p>\n\n\n\n<p>&#8211; ons kan inspireren;<\/p>\n\n\n\n<p>-die ons kan blijven motiveren om de lat zo hoog mogelijk te leggen en het beste in ons koor naar boven te halen;<\/p>\n\n\n\n<p>-goed kan samen werken met onze pianist, combo en muziekcommissie;<\/p>\n\n\n\n<p>-creatief is.<\/p>\n\n\n\n<p class=\"has-vivid-red-color has-text-color has-link-color has-medium-font-size wp-elements-482a5360155c8ef54dcb63005f1cb991\">Wat kun je van ons verwachten?<\/p>\n\n\n\n<p>-een betrokken en enthousiast koor;<\/p>\n\n\n\n<p>-een vaste pianist en combo;<\/p>\n\n\n\n<p>-ruimte voor eigen inbreng;<\/p>\n\n\n\n<p>-vergoeding (in overleg).<\/p>\n\n\n\n<p>Enthousiast geworden? We komen graag met je in contact!  <\/p>\n\n\n\n<p>Mail ons op <a href=\"info@dejavu-naarden.nl\">info@dejavu-naarden.nl.<\/a><\/p>\n<\/div><figure class=\"wp-block-media-text__media\"><img loading=\"lazy\" decoding=\"async\" width=\"290\" height=\"300\" src=\"https:\/\/dejavu-naarden.nl\/wp-content\/uploads\/2026\/02\/Dirigent-nieuw-290x300.jpg\" alt=\"\" class=\"wp-image-1349 size-medium\" srcset=\"https:\/\/dejavu-naarden.nl\/wp-content\/uploads\/2026\/02\/Dirigent-nieuw-290x300.jpg 290w, https:\/\/dejavu-naarden.nl\/wp-content\/uploads\/2026\/02\/Dirigent-nieuw-991x1024.jpg 991w, https:\/\/dejavu-naarden.nl\/wp-content\/uploads\/2026\/02\/Dirigent-nieuw-768x794.jpg 768w, https:\/\/dejavu-naarden.nl\/wp-content\/uploads\/2026\/02\/Dirigent-nieuw-1487x1536.jpg 1487w, https:\/\/dejavu-naarden.nl\/wp-content\/uploads\/2026\/02\/Dirigent-nieuw.jpg 1624w\" sizes=\"auto, (max-width: 290px) 100vw, 290px\" \/><\/figure><\/div>\n\n\n\n<p><\/p>\n","protected":false},"excerpt":{"rendered":"<p>Kom eens langs bij D\u00e9j\u00e0 Vu, misschien wel het gezelligste koor van Naarden en omstreken! D\u00e9j\u00e0 Vu bestaat bijna 40 jaar. We zingen met ongeveer 50 enthousiaste leden een voornamelijk Engelstalig repertoire. We worden begeleid door ons eigen&nbsp;combo bestaande uit<\/p>\n","protected":false},"author":1,"featured_media":0,"parent":0,"menu_order":0,"comment_status":"closed","ping_status":"closed","template":"","meta":{"footnotes":""},"class_list":["post-116","page","type-page","status-publish","hentry"],"yoast_head":"<!-- This site is optimized with the Yoast SEO plugin v27.4 - https:\/\/yoast.com\/product\/yoast-seo-wordpress\/ -->\n<title>Dirigent gevraagd gezocht koor Naarden Gooi Bussum Almere Hilv<\/title>\n<meta name=\"description\" content=\"Popkoor D\u00e9j\u00e0 Vu uit Naarden zoekt een dirigent(e)! We brengen een voornamelijk Engelstalig, 4-stemmig repertoire en repeteren elke donderdag\" \/>\n<meta name=\"robots\" content=\"index, follow, max-snippet:-1, max-image-preview:large, max-video-preview:-1\" \/>\n<link rel=\"canonical\" href=\"https:\/\/dejavu-naarden.nl\/\" \/>\n<meta property=\"og:locale\" content=\"nl_NL\" \/>\n<meta property=\"og:type\" content=\"article\" \/>\n<meta property=\"og:title\" content=\"Dirigent gevraagd gezocht koor Naarden Gooi Bussum Almere Hilv\" \/>\n<meta property=\"og:description\" content=\"Popkoor D\u00e9j\u00e0 Vu uit Naarden zoekt een dirigent(e)! We brengen een voornamelijk Engelstalig, 4-stemmig repertoire en repeteren elke donderdag\" \/>\n<meta property=\"og:url\" content=\"https:\/\/dejavu-naarden.nl\/\" \/>\n<meta property=\"og:site_name\" content=\"D\u00e9j\u00e0 Vu Naarden\" \/>\n<meta property=\"article:modified_time\" content=\"2026-02-24T12:34:17+00:00\" \/>\n<meta property=\"og:image\" content=\"https:\/\/dejavu-naarden.nl\/wp-content\/uploads\/2018\/03\/Poster-De-Nacht-van-Naarden-2018.jpg\" \/>\n\t<meta property=\"og:image:width\" content=\"846\" \/>\n\t<meta property=\"og:image:height\" content=\"1173\" \/>\n\t<meta property=\"og:image:type\" content=\"image\/jpeg\" \/>\n<meta name=\"twitter:card\" content=\"summary_large_image\" \/>\n<meta name=\"twitter:label1\" content=\"Geschatte leestijd\" \/>\n\t<meta name=\"twitter:data1\" content=\"2 minuten\" \/>\n<script type=\"application\/ld+json\" class=\"yoast-schema-graph\">{\"@context\":\"https:\\\/\\\/schema.org\",\"@graph\":[{\"@type\":\"WebPage\",\"@id\":\"https:\\\/\\\/dejavu-naarden.nl\\\/\",\"url\":\"https:\\\/\\\/dejavu-naarden.nl\\\/\",\"name\":\"Dirigent gevraagd gezocht koor Naarden Gooi Bussum Almere Hilv\",\"isPartOf\":{\"@id\":\"https:\\\/\\\/dejavu-naarden.nl\\\/#website\"},\"primaryImageOfPage\":{\"@id\":\"https:\\\/\\\/dejavu-naarden.nl\\\/#primaryimage\"},\"image\":{\"@id\":\"https:\\\/\\\/dejavu-naarden.nl\\\/#primaryimage\"},\"thumbnailUrl\":\"https:\\\/\\\/dejavu-naarden.nl\\\/wp-content\\\/uploads\\\/2018\\\/03\\\/Poster-De-Nacht-van-Naarden-2018-739x1024.jpg\",\"datePublished\":\"2017-02-07T22:05:34+00:00\",\"dateModified\":\"2026-02-24T12:34:17+00:00\",\"description\":\"Popkoor D\u00e9j\u00e0 Vu uit Naarden zoekt een dirigent(e)! We brengen een voornamelijk Engelstalig, 4-stemmig repertoire en repeteren elke donderdag\",\"breadcrumb\":{\"@id\":\"https:\\\/\\\/dejavu-naarden.nl\\\/#breadcrumb\"},\"inLanguage\":\"nl-NL\",\"potentialAction\":[{\"@type\":\"ReadAction\",\"target\":[\"https:\\\/\\\/dejavu-naarden.nl\\\/\"]}]},{\"@type\":\"ImageObject\",\"inLanguage\":\"nl-NL\",\"@id\":\"https:\\\/\\\/dejavu-naarden.nl\\\/#primaryimage\",\"url\":\"https:\\\/\\\/dejavu-naarden.nl\\\/wp-content\\\/uploads\\\/2018\\\/03\\\/Poster-De-Nacht-van-Naarden-2018.jpg\",\"contentUrl\":\"https:\\\/\\\/dejavu-naarden.nl\\\/wp-content\\\/uploads\\\/2018\\\/03\\\/Poster-De-Nacht-van-Naarden-2018.jpg\",\"width\":846,\"height\":1173},{\"@type\":\"BreadcrumbList\",\"@id\":\"https:\\\/\\\/dejavu-naarden.nl\\\/#breadcrumb\",\"itemListElement\":[{\"@type\":\"ListItem\",\"position\":1,\"name\":\"Home\",\"item\":\"https:\\\/\\\/dejavu-naarden.nl\\\/\"},{\"@type\":\"ListItem\",\"position\":2,\"name\":\"Home\"}]},{\"@type\":\"WebSite\",\"@id\":\"https:\\\/\\\/dejavu-naarden.nl\\\/#website\",\"url\":\"https:\\\/\\\/dejavu-naarden.nl\\\/\",\"name\":\"D\u00e9j\u00e0 Vu Naarden\",\"description\":\"dat zingt lekker!\",\"publisher\":{\"@id\":\"https:\\\/\\\/dejavu-naarden.nl\\\/#organization\"},\"potentialAction\":[{\"@type\":\"SearchAction\",\"target\":{\"@type\":\"EntryPoint\",\"urlTemplate\":\"https:\\\/\\\/dejavu-naarden.nl\\\/?s={search_term_string}\"},\"query-input\":{\"@type\":\"PropertyValueSpecification\",\"valueRequired\":true,\"valueName\":\"search_term_string\"}}],\"inLanguage\":\"nl-NL\"},{\"@type\":\"Organization\",\"@id\":\"https:\\\/\\\/dejavu-naarden.nl\\\/#organization\",\"name\":\"D\u00e9j\u00e0 Vu Naarden\",\"url\":\"https:\\\/\\\/dejavu-naarden.nl\\\/\",\"logo\":{\"@type\":\"ImageObject\",\"inLanguage\":\"nl-NL\",\"@id\":\"https:\\\/\\\/dejavu-naarden.nl\\\/#\\\/schema\\\/logo\\\/image\\\/\",\"url\":\"https:\\\/\\\/dejavu-naarden.nl\\\/wp-content\\\/uploads\\\/2025\\\/09\\\/DejaVuSleutelLogo256.jpg\",\"contentUrl\":\"https:\\\/\\\/dejavu-naarden.nl\\\/wp-content\\\/uploads\\\/2025\\\/09\\\/DejaVuSleutelLogo256.jpg\",\"width\":256,\"height\":73,\"caption\":\"D\u00e9j\u00e0 Vu Naarden\"},\"image\":{\"@id\":\"https:\\\/\\\/dejavu-naarden.nl\\\/#\\\/schema\\\/logo\\\/image\\\/\"}}]}<\/script>\n<!-- \/ Yoast SEO plugin. -->","yoast_head_json":{"title":"Dirigent gevraagd gezocht koor Naarden Gooi Bussum Almere Hilv","description":"Popkoor D\u00e9j\u00e0 Vu uit Naarden zoekt een dirigent(e)! We brengen een voornamelijk Engelstalig, 4-stemmig repertoire en repeteren elke donderdag","robots":{"index":"index","follow":"follow","max-snippet":"max-snippet:-1","max-image-preview":"max-image-preview:large","max-video-preview":"max-video-preview:-1"},"canonical":"https:\/\/dejavu-naarden.nl\/","og_locale":"nl_NL","og_type":"article","og_title":"Dirigent gevraagd gezocht koor Naarden Gooi Bussum Almere Hilv","og_description":"Popkoor D\u00e9j\u00e0 Vu uit Naarden zoekt een dirigent(e)! We brengen een voornamelijk Engelstalig, 4-stemmig repertoire en repeteren elke donderdag","og_url":"https:\/\/dejavu-naarden.nl\/","og_site_name":"D\u00e9j\u00e0 Vu Naarden","article_modified_time":"2026-02-24T12:34:17+00:00","og_image":[{"width":846,"height":1173,"url":"https:\/\/dejavu-naarden.nl\/wp-content\/uploads\/2018\/03\/Poster-De-Nacht-van-Naarden-2018.jpg","type":"image\/jpeg"}],"twitter_card":"summary_large_image","twitter_misc":{"Geschatte leestijd":"2 minuten"},"schema":{"@context":"https:\/\/schema.org","@graph":[{"@type":"WebPage","@id":"https:\/\/dejavu-naarden.nl\/","url":"https:\/\/dejavu-naarden.nl\/","name":"Dirigent gevraagd gezocht koor Naarden Gooi Bussum Almere Hilv","isPartOf":{"@id":"https:\/\/dejavu-naarden.nl\/#website"},"primaryImageOfPage":{"@id":"https:\/\/dejavu-naarden.nl\/#primaryimage"},"image":{"@id":"https:\/\/dejavu-naarden.nl\/#primaryimage"},"thumbnailUrl":"https:\/\/dejavu-naarden.nl\/wp-content\/uploads\/2018\/03\/Poster-De-Nacht-van-Naarden-2018-739x1024.jpg","datePublished":"2017-02-07T22:05:34+00:00","dateModified":"2026-02-24T12:34:17+00:00","description":"Popkoor D\u00e9j\u00e0 Vu uit Naarden zoekt een dirigent(e)! We brengen een voornamelijk Engelstalig, 4-stemmig repertoire en repeteren elke donderdag","breadcrumb":{"@id":"https:\/\/dejavu-naarden.nl\/#breadcrumb"},"inLanguage":"nl-NL","potentialAction":[{"@type":"ReadAction","target":["https:\/\/dejavu-naarden.nl\/"]}]},{"@type":"ImageObject","inLanguage":"nl-NL","@id":"https:\/\/dejavu-naarden.nl\/#primaryimage","url":"https:\/\/dejavu-naarden.nl\/wp-content\/uploads\/2018\/03\/Poster-De-Nacht-van-Naarden-2018.jpg","contentUrl":"https:\/\/dejavu-naarden.nl\/wp-content\/uploads\/2018\/03\/Poster-De-Nacht-van-Naarden-2018.jpg","width":846,"height":1173},{"@type":"BreadcrumbList","@id":"https:\/\/dejavu-naarden.nl\/#breadcrumb","itemListElement":[{"@type":"ListItem","position":1,"name":"Home","item":"https:\/\/dejavu-naarden.nl\/"},{"@type":"ListItem","position":2,"name":"Home"}]},{"@type":"WebSite","@id":"https:\/\/dejavu-naarden.nl\/#website","url":"https:\/\/dejavu-naarden.nl\/","name":"D\u00e9j\u00e0 Vu Naarden","description":"dat zingt lekker!","publisher":{"@id":"https:\/\/dejavu-naarden.nl\/#organization"},"potentialAction":[{"@type":"SearchAction","target":{"@type":"EntryPoint","urlTemplate":"https:\/\/dejavu-naarden.nl\/?s={search_term_string}"},"query-input":{"@type":"PropertyValueSpecification","valueRequired":true,"valueName":"search_term_string"}}],"inLanguage":"nl-NL"},{"@type":"Organization","@id":"https:\/\/dejavu-naarden.nl\/#organization","name":"D\u00e9j\u00e0 Vu Naarden","url":"https:\/\/dejavu-naarden.nl\/","logo":{"@type":"ImageObject","inLanguage":"nl-NL","@id":"https:\/\/dejavu-naarden.nl\/#\/schema\/logo\/image\/","url":"https:\/\/dejavu-naarden.nl\/wp-content\/uploads\/2025\/09\/DejaVuSleutelLogo256.jpg","contentUrl":"https:\/\/dejavu-naarden.nl\/wp-content\/uploads\/2025\/09\/DejaVuSleutelLogo256.jpg","width":256,"height":73,"caption":"D\u00e9j\u00e0 Vu Naarden"},"image":{"@id":"https:\/\/dejavu-naarden.nl\/#\/schema\/logo\/image\/"}}]}},"_links":{"self":[{"href":"https:\/\/dejavu-naarden.nl\/index.php\/wp-json\/wp\/v2\/pages\/116","targetHints":{"allow":["GET"]}}],"collection":[{"href":"https:\/\/dejavu-naarden.nl\/index.php\/wp-json\/wp\/v2\/pages"}],"about":[{"href":"https:\/\/dejavu-naarden.nl\/index.php\/wp-json\/wp\/v2\/types\/page"}],"author":[{"embeddable":true,"href":"https:\/\/dejavu-naarden.nl\/index.php\/wp-json\/wp\/v2\/users\/1"}],"replies":[{"embeddable":true,"href":"https:\/\/dejavu-naarden.nl\/index.php\/wp-json\/wp\/v2\/comments?post=116"}],"version-history":[{"count":70,"href":"https:\/\/dejavu-naarden.nl\/index.php\/wp-json\/wp\/v2\/pages\/116\/revisions"}],"predecessor-version":[{"id":1354,"href":"https:\/\/dejavu-naarden.nl\/index.php\/wp-json\/wp\/v2\/pages\/116\/revisions\/1354"}],"wp:attachment":[{"href":"https:\/\/dejavu-naarden.nl\/index.php\/wp-json\/wp\/v2\/media?parent=116"}],"curies":[{"name":"wp","href":"https:\/\/api.w.org\/{rel}","templated":true}]}}